e factors of g?
2, 17, 167
Let u = 71 + -54. Suppose u*n - 129 = 16*n. What are the prime factors of n?
3, 43
Suppose 6*i - 54 + 6 = 0. Suppose -m = -2, i = h + 3*h + 4*m. Suppose h = 2*o - 0*o - 30. What are the prime factors of o?
3, 5
Let c = 4851 + -2679. List the prime factors of c.
2, 3, 181
List the prime factors of ((3 - 1) + -39)*(-4323)/33.
37, 131
Suppose 13*y - 11*y = 7506. List the prime factors of y.
3, 139
Suppose 0 = 4*w + 1 - 9. Suppose w*z = 3*c - 106, -3*z - 5 = 1. What are the prime factors of c?
2, 17
Let s(d) = -2*d**3 - 8*d**2 + 6*d - 19. List the prime factors of s(-8).
5, 89
Let s be (-5 - -3)/(14/(-749)). Let n = s - 37. List the prime factors of n.
2, 5, 7
Let d be (-2 - (-33)/2)/(1/(-2)). Let q(b) = 2*b**3 + 59*b**2 + 24*b + 10. List the prime factors of q(d).
5, 31
Let z = 8552 - 5744. List the prime factors of z.
2, 3, 13
Let f = -84 + 1010. What are the prime factors of f?
2, 463
Suppose 0 = 4*g - 17 - 7. Suppose 470 = -y + g*y. What are the prime factors of y?
2, 47
Let z be (-8)/(-6)*27/(-6). Let q(i) = -i**3 - 5*i**2 + 9*i + 5. Let j be q(z). Let c(a) = a**2 + 13*a + 4. What are the prime factors of c(j)?
2
Let a = 15 - 14. Let l(h) = 4*h**2 - 2*h + 1. Let b be l(a). Suppose -3*k + 2*u = -46, 0 = 4*k - 3*k + b*u - 30. What are the prime factors of k?
2, 3
What are the prime factors of (-4 - -18)*242/11?
2, 7, 11
List the prime factors of (-60)/(5/(-320)*3).
2, 5
Let q be 110/(-8) - (-1)/(-4). Let c be 1 + 4 + 12 + q. Suppose -4*h + c*u - 4 = 0, -2*h - h - 4*u = -22. What are the prime factors of h?
2
Suppose 13 = 3*j - 8. Let i(q) = 3*q - 7*q**2 + 14*q + 0*q**2 - 7*q + 6*q**2. What are the prime factors of i(j)?
3, 7
Suppose 5*n - 14 = t, n = 2*t + 2 + 17. Let h(v) = -v**3 - 7*v**2 + 5*v + 2. What are the prime factors of h(t)?
7, 17
Suppose 3*d - 666 = -3*v, 0 = 2*v - d - 3*d - 456. What are the prime factors of v?
2, 7
Let p(a) = -a - 11. Let h be p(-15). Suppose 4*n = -l + 49, -3*n + h*l = 1 - 52. What are the prime factors of n?
13
Let n(q) = q - 4. Let o be n(3). Let j be 260/4 + (o - -3). Suppose 19*p = 18*p + j. What are the prime factors of p?
67
Let f = -4300 - -9823. What are the prime factors of f?
3, 7, 263
Let a(m) = -m**3 + 3*m**2 + 4*m - 2. Let c be a(3). Suppose -13*b = -c*b - 144. List the prime factors of b.
2, 3
Let i be 4/(-10)*(61 - 56). Suppose -2*j + 14 = l - 4*l, 0 = -3*l + j - 16. List the prime factors of ((-43)/i)/((-3)/l).
43
Suppose 0*w = -5*w + 5*t + 15, 20 = -5*t. Let q(p) = 2*p**2 - 30*p**3 - p - 3*p**2 + 0*p**2. What are the prime factors of q(w)?
2, 3, 5
Suppose 17*m = 1359 + 715. List the prime factors of m.
2, 61
Let x(s) = -37*s + 37. List the prime factors of x(-16).
17, 37
List the prime factors of (-6)/5*(-2640)/6.
2, 3, 11
Let a be -5*(85/5 - 2). Let k = 148 + a. What are the prime factors of k?
73
Let u = 324 - 216. List the prime factors of u.
2, 3
Suppose -8 = t + 4*n, 2*t - 3*n - n = -16. Let s(o) = o**2 - o + 3. List the prime factors of s(t).
3, 5
Let j = 480 - 193. What are the prime factors of j?
7, 41
Let v be (24/(-6) - -5) + 1 + 0. Suppose 4*f + 20 = 0, -v*n + 500 = f + 59. List the prime factors of n.
223
Suppose 4*l + 0*q + 5*q = -79, 0 = 4*q - 4. Let b = l + 67. What are the prime factors of b?
2, 23
Let i be ((-21)/2)/((-1)/(-4)). Let t be (-5)/(((-9)/i)/(-3)). Suppose 4*x + x - t = 0. What are the prime factors of x?
2, 7
Suppose 3517 = 5*u + 4*c, 4*u - 3*u = 3*c + 711. List the prime factors of u/10 + 1/(-2).
2, 5, 7
Suppose 0 = r - 2519 + 534. What are the prime factors of r?
5, 397
Let b(q) = 55*q**2 - q + 1. Let i be b(1). Suppose 4*n - i = -n. What are the prime factors of n?
11
Suppose 0 = 3*c - 2*c + 245. Let d = c - -64. Let q = -111 - d. What are the prime factors of q?
2, 5, 7
Suppose 0 = -3*r - r + 2444. Suppose 4*w + 6*q = q + 494, -r = -5*w - 3*q. What are the prime factors of w?
11
Let r(t) = t - 1. Let u be 14/(-2) + (-9 - -13). Let f be r(u). What are the prime factors of f/14 + 2034/63?
2
Suppose -4*q + 3*j = -3, -5*q + 0 = 2*j - 21. Let c(a) = 9*a**2 - 6. What are the prime factors of c(q)?
3, 5
Let i = 1345 + -146. List the prime factors of i.
11, 109
Let s(d) = -283*d + 254. List the prime factors of s(-5).
1669
Suppose -5*w + 4*x = -x - 3590, w - 718 = 4*x. List the prime factors of w.
2, 359
Let p = -157 - -93. Let m = p - -145. What are the prime factors of m?
3
Suppose 4*j = -4, 0*o - 2*o + 15 = 5*j. What are the prime factors of ((-1348)/(-8) - 1)*12/o?
3, 67
Let n = 16 + -17. Let y be (10/(-4))/(n/2). List the prime factors of (-68)/20*y/(-1).
17
Suppose 0 = -0*m - 3*m + 873. Suppose 222 = 3*p - 3*d, -4*p - d = -4*d - m. List the prime factors of p*(1/(-1))/(-3).
23
Let x = 62 + -59. Let z(k) = 9*k**2 - k + 10. List the prime factors of z(x).
2, 11
Let s(b) be the first derivative of 4*b - 1/2*b**2 - 9 - 2*b**3 - 1/4*b**4. List the prime factors of s(-6).
2, 5
Suppose -7*z + 4596 + 6639 = 0. List the prime factors of z.
3, 5, 107
Suppose -3*y + 69 = -300. What are the prime factors of y?
3, 41
Suppose -169 = 3*m - 5*y, 0*m = -2*m + 3*y - 113. Let p = 205 + m. List the prime factors of p.
3, 7
Let i be 60/(-18)*3/(-2). Suppose 0 = i*t - 0*t - 25. Suppose -t*v - 179 = -434. What are the prime factors of v?
3, 17
List the prime factors of 1 - 40/(-12)*33.
3, 37
Suppose j - 41 = 5*y + 93, j - 125 = 2*y. Suppose -2*z + j = -55. Suppose -z + 9 = -3*w. What are the prime factors of w?
2, 13
List the prime factors of (-32142)/(-9) + (4 - (-70)/(-21)).
2, 19, 47
Let k = -69 - -71. Suppose -2*a + 68 = k*u - 7*a, -4*a + 21 = u. What are the prime factors of u?
29
Let k = 2745 + -774. What are the prime factors of k?
3, 73
Suppose -9*h = -5*h - 16. Suppose 5*d - 2*y = 18, -4*d + h*y + 19 = 7. Suppose d - 165 = -7*w. List the prime factors of w.
23
Suppose 2*h - 5*h = -105. Let d = -9 + h. List the prime factors of (d/(-8))/(3/(-12)).
13
Let j = -17 - -24. Suppose 3*b - r - 11 = 0, 3*r - 11 = -2*b - 0. Suppose 0 = b*a + j - 91. List the prime factors of a.
3, 7
Let w be -3 - ((-12)/(-21) + 106/(-14)). Suppose -121 = -z - 2. Suppose 181 = 5*b - w*y + 5*y, 0 = 3*b - 2*y - z. List the prime factors of b.
37
Let n(b) = b**3 - 5*b**2 + 8*b - 34. Let u be n(8). Let a = u + 53. List the prime factors of a.
5, 11
Let j = -429 + 691. List the prime factors of j.
2, 131
Let w = 1131 + -258. What are the prime factors of w?
3, 97
List the prime factors of (-5)/5 + (2 + -4 - -2732).
2729
Let m(s) = 3*s + 6. Let o be m(5). Suppose 5*b - 4 - o = 0. Suppose 0*c + 199 = 4*c - b*y, 0 = -3*y + 3. What are the prime factors of c?
3, 17
Suppose -7*g = -8*g - 1. What are the prime factors of (2 - (2 + g))/(3/426)?
2, 71
Let b(f) = f**3 - 16*f**2 - 7*f - 18. List the prime factors of b(19).
2, 233
Suppose -5*z - 60 = -2*z. Let p = 22 + z. Suppose -p*m + 49 = 11. What are the prime factors of m?
19
Suppose -4*r = -2*y + 114, -r - 5*y = -y + 42. Let k = r + 82. What are the prime factors of k?
2, 13
Suppose 0 = -21*f + 24*f - 6, 3*f = 5*r - 4679. What are the prime factors of r?
937
Let u = -3311 - -5712. List the prime factors of u.
7
Let i(k) = -k - 12. Let z be i(-6). Let n(y) = 2*y + 14. Let o be n(z). Let u(x) = 5*x**2 - 3*x + 2. What are the prime factors of u(o)?
2
Let o = -2 - -4. Suppose -4*z + 4*u = -64, -2*z - 2*u = -u - 47. What are the prime factors of z*1 + (o - 2)?
3, 7
Suppose 0 = -15*u + 13*u - 10, 5*o + u = 5005. List the prime factors of o.
2, 3, 167
Suppose 1247 = -12*g - 937. List the prime factors of ((-520)/g)/((-2)/(-28)).
2, 5
Let d = -40 + 36. List the prime factors of 3 - d*3/6.
5
Let y(v) = 1 + 10*v - 3*v + 2*v**2 - v**2. Suppose -4*d + 40 = -2*b, 2*b + d + 7 + 8 = 0. List the prime factors of y(b).
31
Suppose 3*z - 2*b - 21 = 3*b, -3*z - 2*b = 0. Suppose -4*c + 4 + 4 = 0. Suppose 4*u - 3*f = -z*f + 53, -c*f - 70 = -5*u. List the prime factors of u.
2, 3
Suppose -2 = j - 4*s + 2*s, -2*j - 2 = -3*s. What are the prime factors of ((-1)/j)/(2/(-864))?
2, 3
List the prime factors of (-5 + 3 - -1)*-525.
3, 5, 7
Let s be -5 + (-1 - -5) + 5. Let j(v) = v**3 - 4*v**2 + 7*v - 1. List the prime factors of j(s).
3
Suppose -16 = -6*c + 14. Suppose 25 = c*x - 0*x. Suppose -m - 139 = -x*s - 5*m, 0 = -m + 1. What are the prime factors of s?
3
List